{"id":198,"date":"2022-05-08T13:40:50","date_gmt":"2022-05-08T13:40:50","guid":{"rendered":"https:\/\/gestionex.cl\/wp2\/?post_type=product&#038;p=198"},"modified":"2025-04-09T08:42:34","modified_gmt":"2025-04-09T08:42:34","slug":"panel-solar-de-120w","status":"publish","type":"product","link":"https:\/\/gestionex.cl\/wp2\/producto\/panel-solar-de-120w\/","title":{"rendered":"Panel Solar de 120W"},"content":{"rendered":"<ul>\n<li>120W<\/li>\n<li>Voltaje: 30.8V<\/li>\n<li>Corriente: 3.6A<\/li>\n<li>Dimensiones\n<ul>\n<li>Plegado: 14.5 x 14.0 x 3.0 (in) \/ 368.3 x 355.6 x 76.2 (mm)<\/li>\n<li>Desplegado: 86.5 x 55.0 (in) \/ 2,197.1 x 1,397.0 (mm)<\/li>\n<\/ul>\n<\/li>\n<li>Peso\n<ul>\n<li>3lb \/ 2.9kg<\/li>\n<\/ul>\n<\/li>\n<\/ul>\n<p>El Panel Solar de 120W est\u00e1 dise\u00f1ado para cargar peque\u00f1os y medianos dispositivos electr\u00f3nicos usando un conector de autom\u00f3vil.<\/p>\n<ul>\n<li>F\u00e1cil de usar &#8211; Despliegue el panel y comience a cargar en segundos.<\/li>\n<li>Fabricado para resistir climas adversos, fabricado con standard militar.<\/li>\n<li>Port\u00e1til y liviano, plegable en un peque\u00f1o paquete, cabe en la mochila<\/li>\n<\/ul>\n<p><img loading=\"lazy\" decoding=\"async\" class=\"aligncenter wp-image-236 size-large\" src=\"https:\/\/gestionex.cl\/wp2\/wp-content\/uploads\/2022\/05\/1-853x1024.jpg\" alt=\"\" width=\"640\" height=\"768\" srcset=\"https:\/\/gestionex.cl\/wp2\/wp-content\/uploads\/2022\/05\/1-853x1024.jpg 853w, https:\/\/gestionex.cl\/wp2\/wp-content\/uploads\/2022\/05\/1-250x300.jpg 250w, https:\/\/gestionex.cl\/wp2\/wp-content\/uploads\/2022\/05\/1-768x922.jpg 768w, https:\/\/gestionex.cl\/wp2\/wp-content\/uploads\/2022\/05\/1-600x720.jpg 600w, https:\/\/gestionex.cl\/wp2\/wp-content\/uploads\/2022\/05\/1.jpg 1000w\" sizes=\"auto, (max-width: 640px) 100vw, 640px\" \/><\/p>\n<p><img loading=\"lazy\" decoding=\"async\" class=\"aligncenter wp-image-237 size-large\" src=\"https:\/\/gestionex.cl\/wp2\/wp-content\/uploads\/2022\/05\/2-853x1024.jpg\" alt=\"\" width=\"640\" height=\"768\" srcset=\"https:\/\/gestionex.cl\/wp2\/wp-content\/uploads\/2022\/05\/2-853x1024.jpg 853w, https:\/\/gestionex.cl\/wp2\/wp-content\/uploads\/2022\/05\/2-250x300.jpg 250w, https:\/\/gestionex.cl\/wp2\/wp-content\/uploads\/2022\/05\/2-768x922.jpg 768w, https:\/\/gestionex.cl\/wp2\/wp-content\/uploads\/2022\/05\/2-600x720.jpg 600w, https:\/\/gestionex.cl\/wp2\/wp-content\/uploads\/2022\/05\/2.jpg 1000w\" sizes=\"auto, (max-width: 640px) 100vw, 640px\" \/><\/p>\n","protected":false},"excerpt":{"rendered":"<p>El Panel Solar de 120W est\u00e1 dise\u00f1ado para cargar peque\u00f1os y medianos dispositivos electr\u00f3nicos usando un conector de autom\u00f3vil.<\/p>\n<ul>\n<li>F\u00e1cil de usar &#8211; Despliegue el panel y comience a cargar en segundos.<\/li>\n<li>Fabricado para resistir climas adversos, fabricado con standard militar.<\/li>\n<li>Port\u00e1til y liviano, plegable en un peque\u00f1o paquete, cabe en la mochila<\/li>\n<\/ul>\n<p>&nbsp;<\/p>\n","protected":false},"featured_media":201,"comment_status":"open","ping_status":"closed","template":"","meta":[],"product_cat":[23],"product_tag":[],"class_list":["post-198","product","type-product","status-publish","has-post-thumbnail","hentry","product_cat-paneles-solares"],"_links":{"self":[{"href":"https:\/\/gestionex.cl\/wp2\/wp-json\/wp\/v2\/product\/198","targetHints":{"allow":["GET"]}}],"collection":[{"href":"https:\/\/gestionex.cl\/wp2\/wp-json\/wp\/v2\/product"}],"about":[{"href":"https:\/\/gestionex.cl\/wp2\/wp-json\/wp\/v2\/types\/product"}],"replies":[{"embeddable":true,"href":"https:\/\/gestionex.cl\/wp2\/wp-json\/wp\/v2\/comments?post=198"}],"wp:featuredmedia":[{"embeddable":true,"href":"https:\/\/gestionex.cl\/wp2\/wp-json\/wp\/v2\/media\/201"}],"wp:attachment":[{"href":"https:\/\/gestionex.cl\/wp2\/wp-json\/wp\/v2\/media?parent=198"}],"wp:term":[{"taxonomy":"product_cat","embeddable":true,"href":"https:\/\/gestionex.cl\/wp2\/wp-json\/wp\/v2\/product_cat?post=198"},{"taxonomy":"product_tag","embeddable":true,"href":"https:\/\/gestionex.cl\/wp2\/wp-json\/wp\/v2\/product_tag?post=198"}],"curies":[{"name":"wp","href":"https:\/\/api.w.org\/{rel}","templated":true}]}}