{"id":140,"date":"2022-01-21T03:24:51","date_gmt":"2022-01-21T03:24:51","guid":{"rendered":"https:\/\/gestionex.cl\/wp2\/?post_type=product&#038;p=140"},"modified":"2025-05-21T12:17:08","modified_gmt":"2025-05-21T12:17:08","slug":"aditivo-de-uso-militar-puncture-proof","status":"publish","type":"product","link":"https:\/\/gestionex.cl\/wp2\/producto\/aditivo-de-uso-militar-puncture-proof\/","title":{"rendered":"ADITIVO DE USO MILITAR \u00abPUNCTURE PROOF\u00bb"},"content":{"rendered":"<p><em><strong>Puncture Proof<\/strong>\u00a0<\/em> \u00a0es un Aditivo tipo Gel para uso en neum\u00e1ticos tubulares desarrollado originalmente para aplicaciones militares. Se inyecta en cualquier tipo de llanta trav\u00e9s de su v\u00e1lvula, y su avanzada formulaci\u00f3n basada en Glicol de Propileno produce los siguientes efectos:<\/p>\n<p>1.- Sella las pinchaduras en mil\u00e9simas de segundo.<\/p>\n<p>2.- Elimina la p\u00e9rdida de aire, sellando las superficies\u00a0que presenten fugas.<\/p>\n<p>3.- Reduce la temperatura de las Zonas Cr\u00edticas del Neum\u00e1tico.<\/p>\n<p><strong>Punture Proof<\/strong>\u00a0tiene una excelente Relaci\u00f3n Costo\/Beneficio, permitiendo ahorros en:<\/p>\n<p>1.- Reparaci\u00f3n de pinchaduras.<\/p>\n<p>2.- Consumo excesivo de combustible.<\/p>\n<p>3.- Fugas de aire.<\/p>\n<p>4.- Desgaste del neum\u00e1tico.<\/p>\n<p>5.- Tiempos de maquinaria inmovilizada y horas-hombre asociadas.<\/p>\n<figure class=\"wp-block-image\"><img decoding=\"async\" src=\"http:\/\/gestionex.cl\/mediac\/400_0\/media\/f5ca45337b8fbfcfffff8007ffffd523.jpg\" alt=\"\" \/><\/figure>\n<p><strong>PRUEBAS EN EL EJ\u00c9RCITO DE CHILE<\/strong><\/p>\n<figure class=\"wp-block-image\"><img decoding=\"async\" src=\"http:\/\/gestionex.cl\/mediac\/400_0\/media\/f5ca45337b8fbfcfffff8006ffffd523.jpg\" alt=\"\" \/><\/figure>\n<p><strong>LLEGADA A UNIDAD MILITAR<\/strong><\/p>\n<figure class=\"wp-block-image\"><img decoding=\"async\" src=\"http:\/\/gestionex.cl\/mediac\/400_0\/media\/f5ca45337b8fbfcfffff8005ffffd523.jpg\" alt=\"\" \/><\/figure>\n<p><strong>INSTALACI\u00d3N DEL PUNCTURE PROOF EN CARRO MOWAG DEL EJ\u00c9RCITO DE CHILE<\/strong><\/p>\n","protected":false},"excerpt":{"rendered":"<p><em><strong>Puncture Proof<\/strong>\u00a0<\/em> \u00a0es un Aditivo tipo Gel para uso en neum\u00e1ticos tubulares desarrollado originalmente para aplicaciones militares. Se inyecta en cualquier tipo de llanta trav\u00e9s de su v\u00e1lvula, y su avanzada formulaci\u00f3n basada en Glicol de Propileno produce los siguientes efectos:<\/p>\n<p>1.- Sella las pinchaduras en mil\u00e9simas de segundo.<\/p>\n<p>2.- Elimina la p\u00e9rdida de aire, sellando las superficies\u00a0que presenten fugas.<\/p>\n<p>3.- Reduce la temperatura de las Zonas Cr\u00edticas del Neum\u00e1tico.<\/p>\n","protected":false},"featured_media":178,"comment_status":"open","ping_status":"closed","template":"","meta":[],"product_cat":[20],"product_tag":[],"class_list":["post-140","product","type-product","status-publish","has-post-thumbnail","hentry","product_cat-uso-militar"],"_links":{"self":[{"href":"https:\/\/gestionex.cl\/wp2\/wp-json\/wp\/v2\/product\/140","targetHints":{"allow":["GET"]}}],"collection":[{"href":"https:\/\/gestionex.cl\/wp2\/wp-json\/wp\/v2\/product"}],"about":[{"href":"https:\/\/gestionex.cl\/wp2\/wp-json\/wp\/v2\/types\/product"}],"replies":[{"embeddable":true,"href":"https:\/\/gestionex.cl\/wp2\/wp-json\/wp\/v2\/comments?post=140"}],"wp:featuredmedia":[{"embeddable":true,"href":"https:\/\/gestionex.cl\/wp2\/wp-json\/wp\/v2\/media\/178"}],"wp:attachment":[{"href":"https:\/\/gestionex.cl\/wp2\/wp-json\/wp\/v2\/media?parent=140"}],"wp:term":[{"taxonomy":"product_cat","embeddable":true,"href":"https:\/\/gestionex.cl\/wp2\/wp-json\/wp\/v2\/product_cat?post=140"},{"taxonomy":"product_tag","embeddable":true,"href":"https:\/\/gestionex.cl\/wp2\/wp-json\/wp\/v2\/product_tag?post=140"}],"curies":[{"name":"wp","href":"https:\/\/api.w.org\/{rel}","templated":true}]}}